s 27 a factor of 2794311?
True
Is 64 a factor of 27439?
False
Is 475 a factor of 1067052?
False
Is 60 a factor of 3406714?
False
Does 83 divide 1019473?
False
Does 157 divide 5366417?
True
Is 427983 a multiple of 54?
False
Is 97147 a multiple of 32?
False
Does 456 divide 68138?
False
Is 836 a factor of 1920292?
True
Is 122 a factor of 108214?
True
Is 41030 a multiple of 55?
True
Is 38096 a multiple of 16?
True
Does 11 divide 1601985?
True
Does 164 divide 2386036?
True
Does 622 divide 205587?
False
Is 9 a factor of 2007517?
False
Does 271 divide 120053?
True
Is 869129 a multiple of 59?
True
Does 562 divide 342820?
True
Is 1326839 a multiple of 100?
False
Is 17828 a multiple of 214?
False
Is 91368 a multiple of 12?
True
Is 107 a factor of 1196795?
True
Is 105 a factor of 1305465?
True
Does 467 divide 253581?
True
Is 464225 a multiple of 599?
True
Is 17 a factor of 377162?
True
Is 8746 even?
True
Does 50 divide 100708?
False
Is 452635 a multiple of 267?
False
Is 345070 a multiple of 46?
False
Is 819 a factor of 3393936?
True
Does 53 divide 278337?
False
Is 14 a factor of 201079?
False
Is 211 a factor of 2257573?
False
Does 16 divide 1230448?
True
Does 37 divide 886172?
False
Does 22 divide 14233340?
True
Is 707 a factor of 4287604?
False
Is 557 a factor of 1964233?
False
Is 11 a factor of 280577?
True
Is 708939 a multiple of 297?
True
Does 816 divide 10662672?
True
Is 49 a factor of 509352?
False
Is 500975 a multiple of 29?
True
Is 97 a factor of 1936896?
True
Is 12563265 a multiple of 55?
True
Is 21087 a multiple of 9?
True
Is 5203470 a multiple of 30?
True
Is 14 a factor of 1603519?
False
Is 604 a factor of 1243135?
False
Is 110 a factor of 157051?
False
Is 1718706 a multiple of 146?
False
Does 625 divide 9121834?
False
Does 187 divide 2419032?
True
Is 16 a factor of 419090?
False
Is 16622 a multiple of 11?
False
Does 9 divide 1425397?
False
Is 337 a factor of 989115?
False
Is 1108 a factor of 1767260?
True
Is 4 a factor of 107462?
False
Is 37 a factor of 270322?
True
Is 18 a factor of 6047398?
False
Is 597 a factor of 13239554?
False
Does 59 divide 968376?
False
Is 275 a factor of 22593523?
False
Is 15271633 a multiple of 1521?
False
Is 7277 a multiple of 22?
False
Is 125 a factor of 2708283?
False
Is 2 a factor of 4180?
True
Does 209 divide 542564?
True
Is 43621 a multiple of 14?
False
Is 2528320 a multiple of 6?
False
Is 51 a factor of 9782106?
True
Does 24 divide 129072?
True
Does 97 divide 403089?
False
Is 56 a factor of 158816?
True
Is 107 a factor of 212823?
True
Does 14 divide 62008?
False
Does 5 divide 8318?
False
Is 2038200 a multiple of 860?
True
Does 418 divide 28434165?
False
Is 32944 a multiple of 8?
True
Does 44 divide 13851879?
False
Is 757 a factor of 5529885?
True
Does 4 divide 260036?
True
Is 82973 a multiple of 397?
True
Is 217 a factor of 631036?
True
Is 5 a factor of 5393?
False
Does 34 divide 1065458?
True
Is 2882584 a multiple of 42?
False
Is 3341216 a multiple of 16?
True
Is 23 a factor of 105800?
True
Is 44 a factor of 3122334?
False
Is 229900 a multiple of 11?
True
Is 956400 a multiple of 80?
True
Does 19 divide 758138?
True
Is 850 a factor of 3873450?
True
Does 237 divide 868613?
False
Does 139 divide 4101473?
True
Is 21 a factor of 20411790?
True
Does 493 divide 13210932?
False
Is 2492400 a multiple of 80?
True
Does 183 divide 220698?
True
Does 2339 divide 22190093?
True
Is 114 a factor of 2949180?
True
Does 131 divide 522559?
True
Is 15 a factor of 3509807?
False
Is 527941 a multiple of 726?
False
Is 109 a factor of 728804?
False
Does 27 divide 248535?
True
Is 26 a factor of 100423?
False
Does 49 divide 51989?
True
Does 38 divide 6497240?
True
Does 50 divide 13129040?
False
Does 765 divide 900624?
False
Does 266 divide 4513720?
False
Is 927392 a multiple of 625?
False
Does 191 divide 51952?
True
Is 3 a factor of 336105?
True
Is 18 a factor of 1444932?
True
Is 2 a factor of 2270539?
False
Is 2325851 a multiple of 4?
False
Is 82305 a multiple of 9?
True
Is 452590 a multiple of 13?
False
Is 46655 a multiple of 43?
True
Does 6 divide 155178?
True
Is 233940 a multiple of 31?
False
Is 2480208 a multiple of 15?
False
Is 155 a factor of 278690?
True
Does 8 divide 2319119?
False
Does 316 divide 2804526?
False
Is 26848 a multiple of 16?
True
Does 10 divide 2692660?
True
Does 18 divide 2551536?
True
Is 173355 a multiple of 258?
False
Is 135814 a multiple of 169?
False
Is 9189740 a multiple of 140?
True
Is 381420 a multiple of 780?
True
Is 186 a factor of 1121724?
False
Is 99 a factor of 1119163?
False
Does 22 divide 32868?
True
Is 3537758 a multiple of 59?
True
Is 107100 a multiple of 153?
True
Is 4757090 a multiple of 370?
True
Is 68 a factor of 14091232?
True
Does 9 divide 33247143?
True
Does 31 divide 2309283?
True
Does 14 divide 159152?
True
Is 29 a factor of 131151?
False
Does 9 divide 875666?
False
Is 9931870 a multiple of 190?
True
Does 19 divide 2784317?
True
Does 22 divide 330528?
True
Is 438429 a multiple of 10?
False
Is 245 a factor of 340305?
True
Does 66 divide 85272?
True
Is 8718646 a multiple of 30?
False
Does 19 divide 1273184?
False
Is 8 a factor of 353040?
True
Is 472 a factor of 608475?
False
Does 206 divide 54384?
True
Does 16 divide 14234?
False
Is 179 a factor of 133832?
False
Is 11137961 a multiple of 98?
False
Does 61 divide 2292426?
False
Is 351 a factor of 206739?
True
Does 8 divide 422740?
False
Does 27 divide 8280?
False
Does 14 divide 127414?
True
Is 28 a factor of 137606?
False
Is 114 a factor of 1079808?
True
Is 168792 a multiple of 104?
True
Is 73 a factor of 857531?
True
Does 124 divide 35459?
False
Does 1072 divide 1276752?
True
Is 24 a factor of 1493304?
True
Is 183 a factor of 5403516?
False
Is 222 a factor of 3391027?
False
Is 126015 a multiple of 78?
False
Is 5336156 a multiple of 30?
False
Does 68 divide 4107226?
False
Is 9138296 a multiple of 534?
False
Is 259875 a multiple of 55?
True
Is 15 a factor of 2322360?
True
Is 389950 a multiple of 50?
True
Does 33 divide 774675?
True
Is 21563 a multiple of 319?
False
Is 8 a factor of 143371?
False
Is 192192 a multiple of 11?
True
Is 30 a factor of 300109?
False
Does 14 divide 688635?
False
Is 8 a factor of 936768?
True
Is 819412 a multiple of 242?
True
Is 4689103 a multiple of 14?
False
Is 23 a factor of 498111?
True
Is 6029408 a multiple of 184?
False
Is 94 a factor of 27260?
True
Does 171 divide 138776?
False
Does 15 divide 286695?
True
Is 15700 a multiple of 157?
True
Is 508 a factor of 51941?
False
Is 610649 a multiple of 2?
False
Does 6 divide 15396688?
False
Is 26 a factor of 323544?
True
Does 132 divide 17186254?
False
Is 67522 a multiple of 183?
False
Is 8 a factor of 102800?
True
Does 9 divide 1953?
True
Is 179 a factor of 969152?
False
Is 1718706 a multiple of 173?
False
Is 192 a factor of 2103958?
False
Does 21 divide 499299?
False
Is 9 a factor of 1163720?
False
Is 103 a factor of 80855?
True
Does 23 divide 236676?
False
Is 23 a factor of 1512?
False
Is 4229376 a multiple of 128?
True
Is 2438952 a multiple of 12?
True
Does 25 divide 521332?
False
Is 1596981 a multiple of 476?
False
Is 40 a factor of 45068?
False
Is 99 a factor of 54010?
False
Is 23650 a multiple of 20?
False
Is 8138550 a multiple of 5?
True
Does 26 divide 1130093?
False
Is 1768860 a multiple of 180?
True
Does 11 divide 2403474?
False
Is 1501832 a multiple of 100?
False
Is 97299 a multiple of 19?
True
Is 4541516 a multiple of 406?
True
Is 4 a factor of 17861?
False
Is 1352370 a multiple of 3?
True
Does 812 divide 15726816?
True
Is 554916 a multiple of 524?
True
Is 227 a factor of 111684?
True
Does 14 divide 5332852?
True
Does 90 divide 423810?
True
Does 52 divide 765183?
False
Is 53 a factor of 48756?
False
Is 101680 a multiple of 41?
True
Does 30 divide 694303?
False
Is 462900 a multiple of 8?
False
Does 35 divide 4822615?
True
Is 113 a factor of 6246301?
True
Is 26 a factor of 205140?
True
Is 59 a factor of 1871312?
False
Is 140910 a multiple of 61?
True
Is 46 a factor of 203688?
True
Is 1094148 a multiple of 9?
True
Is 133433 a multiple of 32?
False
Does 20 divide 185940?
True
Is 2121185 a multiple of 148?
False
Is 31 a factor of 285293?
True
Does 4 divide 664328?
True
Is 1723280 a multiple of 104?
True
Is 52 a factor of 1344683?
False
Does 367 divide 711448